{"id":1458,"date":"2024-11-13T17:20:18","date_gmt":"2024-11-13T16:20:18","guid":{"rendered":"https:\/\/happy-netz.ch\/kronen-garage-hombrechtikon\/?page_id=1458"},"modified":"2024-12-19T16:43:31","modified_gmt":"2024-12-19T15:43:31","slug":"raeder-und-reifen","status":"publish","type":"page","link":"https:\/\/happy-netz.ch\/kronen-garage-hombrechtikon\/raeder-und-reifen\/","title":{"rendered":"R\u00e4der und Reifen"},"content":{"rendered":"\t\t<div data-elementor-type=\"wp-page\" data-elementor-id=\"1458\" class=\"elementor elementor-1458\" data-elementor-post-type=\"page\">\n\t\t\t\t<div class=\"elementor-element elementor-element-4cf64a56 e-flex e-con-boxed e-con e-parent\" data-id=\"4cf64a56\" data-element_type=\"container\" data-e-type=\"container\" data-settings=\"{&quot;background_background&quot;:&quot;classic&quot;}\">\n\t\t\t\t\t<div class=\"e-con-inner\">\n\t\t\t\t\t<\/div>\n\t\t\t\t<\/div>\n\t\t<div class=\"elementor-element elementor-element-7c38bf40 e-flex e-con-boxed e-con e-parent\" data-id=\"7c38bf40\" data-element_type=\"container\" data-e-type=\"container\">\n\t\t\t\t\t<div class=\"e-con-inner\">\n\t\t<div class=\"elementor-element elementor-element-16d23707 e-con-full e-flex e-con e-child\" data-id=\"16d23707\" data-element_type=\"container\" data-e-type=\"container\">\n\t\t<div class=\"elementor-element elementor-element-504c94f0 e-con-full animated-fast e-flex elementor-invisible e-con e-child\" data-id=\"504c94f0\" data-element_type=\"container\" data-e-type=\"container\" data-settings=\"{&quot;animation&quot;:&quot;fadeInLeft&quot;}\">\n\t\t\t\t<div class=\"elementor-element elementor-element-7943deaf elementor-widget elementor-widget-heading\" data-id=\"7943deaf\" data-element_type=\"widget\" data-e-type=\"widget\" data-widget_type=\"heading.default\">\n\t\t\t\t<div class=\"elementor-widget-container\">\n\t\t\t\t\t<h2 class=\"elementor-heading-title elementor-size-default\">Reifen- &amp; R\u00e4derservice<\/h2>\t\t\t\t<\/div>\n\t\t\t\t<\/div>\n\t\t\t\t<\/div>\n\t\t<div class=\"elementor-element elementor-element-7198bb34 e-con-full animated-slow e-flex elementor-invisible e-con e-child\" data-id=\"7198bb34\" data-element_type=\"container\" data-e-type=\"container\" data-settings=\"{&quot;animation&quot;:&quot;fadeIn&quot;,&quot;animation_delay&quot;:100}\">\n\t\t\t\t<div class=\"elementor-element elementor-element-6ddbe0af elementor-widget elementor-widget-heading\" data-id=\"6ddbe0af\" data-element_type=\"widget\" data-e-type=\"widget\" data-widget_type=\"heading.default\">\n\t\t\t\t<div class=\"elementor-widget-container\">\n\t\t\t\t\t<h4 class=\"elementor-heading-title elementor-size-default\">Mehr als nur ein Reifenwechsel.<\/h4>\t\t\t\t<\/div>\n\t\t\t\t<\/div>\n\t\t\t\t<div class=\"elementor-element elementor-element-37dd28a5 elementor-widget elementor-widget-text-editor\" data-id=\"37dd28a5\" data-element_type=\"widget\" data-e-type=\"widget\" data-widget_type=\"text-editor.default\">\n\t\t\t\t<div class=\"elementor-widget-container\">\n\t\t\t\t\t\t\t\t\t<p class=\"p1\"><span class=\"s1\">F\u00fcr Ihren saisonalen Reifenwechsel: Mit unserem Reifen und R\u00e4der Service wappnen wir Sie stets passend f\u00fcr die kommende Jahreszeit. Zus\u00e4tzlich k\u00f6nnen Sie Ihre Winter- oder Sommerr\u00e4der bei uns einlagern. Seien Sie bestens f\u00fcr die Herausforderungen der Strasse ger\u00fcstet <\/span><span class=\"s2\">\u2013 Wir begleiten Sie. <\/span><\/p>\t\t\t\t\t\t\t\t<\/div>\n\t\t\t\t<\/div>\n\t\t\t\t<\/div>\n\t\t\t\t<\/div>\n\t\t\t\t\t<\/div>\n\t\t\t\t<\/div>\n\t\t<div class=\"elementor-element elementor-element-b4a6ca2 e-flex e-con-boxed e-con e-parent\" data-id=\"b4a6ca2\" data-element_type=\"container\" data-e-type=\"container\">\n\t\t\t\t\t<div class=\"e-con-inner\">\n\t\t<div class=\"elementor-element elementor-element-cc44d10 e-con-full e-flex e-con e-child\" data-id=\"cc44d10\" data-element_type=\"container\" data-e-type=\"container\">\n\t\t<div class=\"elementor-element elementor-element-4a4e926 e-con-full e-flex e-con e-child\" data-id=\"4a4e926\" data-element_type=\"container\" data-e-type=\"container\">\n\t\t<div class=\"elementor-element elementor-element-a2c7084 e-con-full animated-fast e-flex elementor-invisible e-con e-child\" data-id=\"a2c7084\" data-element_type=\"container\" data-e-type=\"container\" data-settings=\"{&quot;animation&quot;:&quot;fadeInLeft&quot;}\">\n\t\t\t\t<div class=\"elementor-element elementor-element-c059e25 elementor-widget elementor-widget-heading\" data-id=\"c059e25\" data-element_type=\"widget\" data-e-type=\"widget\" data-widget_type=\"heading.default\">\n\t\t\t\t<div class=\"elementor-widget-container\">\n\t\t\t\t\t<h3 class=\"elementor-heading-title elementor-size-default\">R\u00e4der und Reifen.\u2028Lagerung inklusive.<\/h3>\t\t\t\t<\/div>\n\t\t\t\t<\/div>\n\t\t\t\t<\/div>\n\t\t<div class=\"elementor-element elementor-element-35784bc e-con-full animated-slow e-flex elementor-invisible e-con e-child\" data-id=\"35784bc\" data-element_type=\"container\" data-e-type=\"container\" data-settings=\"{&quot;animation&quot;:&quot;fadeIn&quot;,&quot;animation_delay&quot;:100}\">\n\t\t\t\t<div class=\"elementor-element elementor-element-43fafa4 elementor-widget elementor-widget-text-editor\" data-id=\"43fafa4\" data-element_type=\"widget\" data-e-type=\"widget\" data-widget_type=\"text-editor.default\">\n\t\t\t\t<div class=\"elementor-widget-container\">\n\t\t\t\t\t\t\t\t\t<p>Der Reifenwechsel steht an? Wir erledigen das f\u00fcr Sie und die gewechselten Autoreifen k\u00f6nnen Sie auch gleich bei uns lassen, denn mit dem R\u00e4dereinlagerungs Service werden diese fachgerecht eingelagert. Wenn Sie neue Reifen brauchen, wartet eine Auswahl auf Sie \u2013 inklusive Sofort-Montage. Nutzen Sie jetzt die verschiedenen Leistungen rund um R\u00e4der und Reifen.<\/p>\t\t\t\t\t\t\t\t<\/div>\n\t\t\t\t<\/div>\n\t\t\t\t<\/div>\n\t\t\t\t<\/div>\n\t\t<div class=\"elementor-element elementor-element-a781ea2 e-con-full e-flex e-con e-child\" data-id=\"a781ea2\" data-element_type=\"container\" data-e-type=\"container\">\n\t\t<div class=\"elementor-element elementor-element-1fc0fb7 e-con-full e-flex e-con e-child\" data-id=\"1fc0fb7\" data-element_type=\"container\" data-e-type=\"container\">\n\t\t<div class=\"elementor-element elementor-element-4ecde91 e-con-full animated-slow e-flex elementor-invisible e-con e-child\" data-id=\"4ecde91\" data-element_type=\"container\" data-e-type=\"container\" data-settings=\"{&quot;background_background&quot;:&quot;classic&quot;,&quot;animation&quot;:&quot;fadeIn&quot;}\">\n\t\t\t\t<\/div>\n\t\t\t\t<\/div>\n\t\t<div class=\"elementor-element elementor-element-9838dd3 e-con-full animated-fast e-flex elementor-invisible e-con e-child\" data-id=\"9838dd3\" data-element_type=\"container\" data-e-type=\"container\" data-settings=\"{&quot;animation&quot;:&quot;fadeInUp&quot;,&quot;animation_delay&quot;:200}\">\n\t\t\t\t<div class=\"elementor-element elementor-element-f65b76d elementor-widget elementor-widget-heading\" data-id=\"f65b76d\" data-element_type=\"widget\" data-e-type=\"widget\" data-widget_type=\"heading.default\">\n\t\t\t\t<div class=\"elementor-widget-container\">\n\t\t\t\t\t<h3 class=\"elementor-heading-title elementor-size-default\">Unser Rundum-Service<\/h3>\t\t\t\t<\/div>\n\t\t\t\t<\/div>\n\t\t\t\t<div class=\"elementor-element elementor-element-55aa345 elementor-widget elementor-widget-text-editor\" data-id=\"55aa345\" data-element_type=\"widget\" data-e-type=\"widget\" data-widget_type=\"text-editor.default\">\n\t\t\t\t<div class=\"elementor-widget-container\">\n\t\t\t\t\t\t\t\t\t<p>Bei der Kronengarage in Hombrechtikon dreht sich alles um Rundum-Service und Kompetenz. Von der fachkundigen Beratung beim Reifenkauf bis zur professionellen Montage begleiten wir Sie mit Know-how und Engagement.<\/p><p>F\u00fcr mehr Platz und weniger Stress bieten wir zudem eine sichere und zuverl\u00e4ssige Einlagerung Ihrer R\u00e4der \u2013 alles aus einer Hand, einfach eine runde Sache.<\/p>\t\t\t\t\t\t\t\t<\/div>\n\t\t\t\t<\/div>\n\t\t\t\t<\/div>\n\t\t\t\t<\/div>\n\t\t\t\t<\/div>\n\t\t\t\t\t<\/div>\n\t\t\t\t<\/div>\n\t\t<div class=\"elementor-element elementor-element-df35704 e-flex e-con-boxed e-con e-parent\" data-id=\"df35704\" data-element_type=\"container\" data-e-type=\"container\">\n\t\t\t\t\t<div class=\"e-con-inner\">\n\t\t<div class=\"elementor-element elementor-element-3e555e9 e-con-full e-flex e-con e-child\" data-id=\"3e555e9\" data-element_type=\"container\" data-e-type=\"container\">\n\t\t<div class=\"elementor-element elementor-element-2b9b319 e-con-full e-flex e-con e-child\" data-id=\"2b9b319\" data-element_type=\"container\" data-e-type=\"container\">\n\t\t<div class=\"elementor-element elementor-element-07686a2 e-con-full e-flex e-con e-child\" data-id=\"07686a2\" data-element_type=\"container\" data-e-type=\"container\">\n\t\t\t\t<div class=\"elementor-element elementor-element-6aacd28 elementor-widget elementor-widget-heading\" data-id=\"6aacd28\" data-element_type=\"widget\" data-e-type=\"widget\" data-widget_type=\"heading.default\">\n\t\t\t\t<div class=\"elementor-widget-container\">\n\t\t\t\t\t<h3 class=\"elementor-heading-title elementor-size-default\">Termin vereinbaren<\/h3>\t\t\t\t<\/div>\n\t\t\t\t<\/div>\n\t\t<div class=\"elementor-element elementor-element-0e64d0c e-con-full animated-slow e-flex elementor-invisible e-con e-child\" data-id=\"0e64d0c\" data-element_type=\"container\" data-e-type=\"container\" data-settings=\"{&quot;background_background&quot;:&quot;classic&quot;,&quot;animation&quot;:&quot;fadeIn&quot;}\">\n\t\t\t\t<div class=\"elementor-element elementor-element-184420f elementor-widget elementor-widget-heading\" data-id=\"184420f\" data-element_type=\"widget\" data-e-type=\"widget\" data-widget_type=\"heading.default\">\n\t\t\t\t<div class=\"elementor-widget-container\">\n\t\t\t\t\t<h4 class=\"elementor-heading-title elementor-size-default\">Schnell und einfach<\/h4>\t\t\t\t<\/div>\n\t\t\t\t<\/div>\n\t\t\t\t<div class=\"elementor-element elementor-element-aab7fb7 elementor-align-left elementor-widget elementor-widget-button\" data-id=\"aab7fb7\" data-element_type=\"widget\" data-e-type=\"widget\" data-widget_type=\"button.default\">\n\t\t\t\t<div class=\"elementor-widget-container\">\n\t\t\t\t\t\t\t\t\t<div class=\"elementor-button-wrapper\">\n\t\t\t\t\t<a class=\"elementor-button elementor-button-link elementor-size-sm\" href=\"#\">\n\t\t\t\t\t\t<span class=\"elementor-button-content-wrapper\">\n\t\t\t\t\t\t<span class=\"elementor-button-icon\">\n\t\t\t\t<svg aria-hidden=\"true\" class=\"e-font-icon-svg e-fas-chevron-right\" viewBox=\"0 0 320 512\" xmlns=\"http:\/\/www.w3.org\/2000\/svg\"><path d=\"M285.476 272.971L91.132 467.314c-9.373 9.373-24.569 9.373-33.941 0l-22.667-22.667c-9.357-9.357-9.375-24.522-.04-33.901L188.505 256 34.484 101.255c-9.335-9.379-9.317-24.544.04-33.901l22.667-22.667c9.373-9.373 24.569-9.373 33.941 0L285.475 239.03c9.373 9.372 9.373 24.568.001 33.941z\"><\/path><\/svg>\t\t\t<\/span>\n\t\t\t\t\t\t\t\t\t<span class=\"elementor-button-text\">Online Termin vereinbaren<\/span>\n\t\t\t\t\t<\/span>\n\t\t\t\t\t<\/a>\n\t\t\t\t<\/div>\n\t\t\t\t\t\t\t\t<\/div>\n\t\t\t\t<\/div>\n\t\t\t\t<\/div>\n\t\t\t\t<\/div>\n\t\t<div class=\"elementor-element elementor-element-45a499e e-con-full animated-fast e-flex elementor-invisible e-con e-child\" data-id=\"45a499e\" data-element_type=\"container\" data-e-type=\"container\" data-settings=\"{&quot;animation&quot;:&quot;fadeInUp&quot;,&quot;animation_delay&quot;:200}\">\n\t\t\t\t<div class=\"elementor-element elementor-element-ac4d9e8 elementor-widget elementor-widget-heading\" data-id=\"ac4d9e8\" data-element_type=\"widget\" data-e-type=\"widget\" data-widget_type=\"heading.default\">\n\t\t\t\t<div class=\"elementor-widget-container\">\n\t\t\t\t\t<h3 class=\"elementor-heading-title elementor-size-default\">Ein gutes Gef\u00fchl inklusive.<\/h3>\t\t\t\t<\/div>\n\t\t\t\t<\/div>\n\t\t\t\t<div class=\"elementor-element elementor-element-7778fd3 elementor-widget elementor-widget-image\" data-id=\"7778fd3\" data-element_type=\"widget\" data-e-type=\"widget\" data-widget_type=\"image.default\">\n\t\t\t\t<div class=\"elementor-widget-container\">\n\t\t\t\t\t\t\t\t\t\t\t\t\t\t\t<img fetchpriority=\"high\" decoding=\"async\" width=\"640\" height=\"400\" src=\"https:\/\/happy-netz.ch\/kronen-garage-hombrechtikon\/wp-content\/uploads\/sites\/11\/2024\/09\/garage-kronen_hombrechtikon.jpg\" class=\"elementor-animation-float attachment-medium_large size-medium_large wp-image-36\" alt=\"\" srcset=\"https:\/\/happy-netz.ch\/kronen-garage-hombrechtikon\/wp-content\/uploads\/sites\/11\/2024\/09\/garage-kronen_hombrechtikon.jpg 640w, https:\/\/happy-netz.ch\/kronen-garage-hombrechtikon\/wp-content\/uploads\/sites\/11\/2024\/09\/garage-kronen_hombrechtikon-300x188.jpg 300w\" sizes=\"(max-width: 640px) 100vw, 640px\" \/>\t\t\t\t\t\t\t\t\t\t\t\t\t\t\t<\/div>\n\t\t\t\t<\/div>\n\t\t\t\t<div class=\"elementor-element elementor-element-0fc3dba elementor-widget elementor-widget-text-editor\" data-id=\"0fc3dba\" data-element_type=\"widget\" data-e-type=\"widget\" data-widget_type=\"text-editor.default\">\n\t\t\t\t<div class=\"elementor-widget-container\">\n\t\t\t\t\t\t\t\t\t<p>Willkommen bei der Kronen Garage in Hombrechtikon \u2013 Ihrer Mehrmarken-Garage f\u00fcr zuverl\u00e4ssigen Service und h\u00f6chste Qualit\u00e4t. Unser erfahrenes Team aus Spezialisten bringt langj\u00e4hrige Expertise im Umgang mit Fahrzeugen von verschiedenen Automobilmarken mit.<\/p><p>Egal, welches Fahrzeug Sie fahren \u2013 wir sind Ihr kompetenter Ansprechpartner f\u00fcr alle Anliegen rund um Service, Reparatur und Reifenwechsel. Bei uns ist Ihr Auto in den besten H\u00e4nden.<\/p>\t\t\t\t\t\t\t\t<\/div>\n\t\t\t\t<\/div>\n\t\t\t\t<\/div>\n\t\t\t\t<\/div>\n\t\t\t\t<\/div>\n\t\t\t\t\t<\/div>\n\t\t\t\t<\/div>\n\t\t\t\t<\/div>\n\t\t","protected":false},"excerpt":{"rendered":"<p>Reifen- &amp; R\u00e4derservice Mehr als nur ein Reifenwechsel. F\u00fcr Ihren saisonalen Reifenwechsel: Mit unserem Reifen und R\u00e4der Service wappnen wir Sie stets passend f\u00fcr die kommende Jahreszeit. Zus\u00e4tzlich k\u00f6nnen Sie Ihre Winter- oder Sommerr\u00e4der bei uns einlagern. Seien Sie bestens f\u00fcr die Herausforderungen der Strasse ger\u00fcstet \u2013 Wir begleiten Sie. R\u00e4der und Reifen.\u2028Lagerung inklusive. Der [&hellip;]<\/p>\n","protected":false},"author":1,"featured_media":0,"parent":0,"menu_order":0,"comment_status":"closed","ping_status":"closed","template":"","meta":{"footnotes":""},"folder":[],"class_list":["post-1458","page","type-page","status-publish","hentry"],"yoast_head":"<!-- This site is optimized with the Yoast SEO Premium plugin v26.0 (Yoast SEO v27.1.1) - https:\/\/yoast.com\/product\/yoast-seo-premium-wordpress\/ -->\n<title>R\u00e4der und Reifen - Kronen Garage Hombrechtikon<\/title>\n<meta name=\"description\" content=\"F\u00fcr Ihren saisonalen Reifenwechsel: Mit unserem Reifen und R\u00e4der Service wappnen wir Sie stets passend f\u00fcr die kommende Jahreszeit. Zus\u00e4tzlich k\u00f6nnen Sie Ihre Winter- oder Sommerr\u00e4der bei uns einlagern. Seien Sie bestens f\u00fcr die Herausforderungen der Strasse ger\u00fcstet \u2013 Wir begleiten Sie. F\u00fcr alle Marken. Garage Plus in Hombrechtikon.\" \/>\n<meta name=\"robots\" content=\"index, follow, max-snippet:-1, max-image-preview:large, max-video-preview:-1\" \/>\n<link rel=\"canonical\" href=\"https:\/\/happy-netz.ch\/kronen-garage-hombrechtikon\/raeder-und-reifen\/\" \/>\n<meta property=\"og:locale\" content=\"de_DE\" \/>\n<meta property=\"og:type\" content=\"article\" \/>\n<meta property=\"og:title\" content=\"R\u00e4der und Reifen\" \/>\n<meta property=\"og:description\" content=\"F\u00fcr Ihren saisonalen Reifenwechsel: Mit unserem Reifen und R\u00e4der Service wappnen wir Sie stets passend f\u00fcr die kommende Jahreszeit. Zus\u00e4tzlich k\u00f6nnen Sie Ihre Winter- oder Sommerr\u00e4der bei uns einlagern. Seien Sie bestens f\u00fcr die Herausforderungen der Strasse ger\u00fcstet \u2013 Wir begleiten Sie. F\u00fcr alle Marken. Garage Plus in Hombrechtikon.\" \/>\n<meta property=\"og:url\" content=\"https:\/\/happy-netz.ch\/kronen-garage-hombrechtikon\/raeder-und-reifen\/\" \/>\n<meta property=\"og:site_name\" content=\"Kronen Garage Hombrechtikon\" \/>\n<meta property=\"article:modified_time\" content=\"2024-12-19T15:43:31+00:00\" \/>\n<meta property=\"og:image\" content=\"https:\/\/happy-netz.ch\/kronen-garage-hombrechtikon\/wp-content\/uploads\/sites\/11\/2024\/09\/garage-kronen_hombrechtikon.jpg\" \/>\n<meta name=\"twitter:card\" content=\"summary_large_image\" \/>\n<meta name=\"twitter:label1\" content=\"Gesch\u00e4tzte Lesezeit\" \/>\n\t<meta name=\"twitter:data1\" content=\"2\u00a0Minuten\" \/>\n<script type=\"application\/ld+json\" class=\"yoast-schema-graph\">{\"@context\":\"https:\/\/schema.org\",\"@graph\":[{\"@type\":\"WebPage\",\"@id\":\"https:\/\/happy-netz.ch\/kronen-garage-hombrechtikon\/raeder-und-reifen\/\",\"url\":\"https:\/\/happy-netz.ch\/kronen-garage-hombrechtikon\/raeder-und-reifen\/\",\"name\":\"R\u00e4der und Reifen - Kronen Garage Hombrechtikon\",\"isPartOf\":{\"@id\":\"https:\/\/happy-netz.ch\/kronen-garage-hombrechtikon\/#website\"},\"primaryImageOfPage\":{\"@id\":\"https:\/\/happy-netz.ch\/kronen-garage-hombrechtikon\/raeder-und-reifen\/#primaryimage\"},\"image\":{\"@id\":\"https:\/\/happy-netz.ch\/kronen-garage-hombrechtikon\/raeder-und-reifen\/#primaryimage\"},\"thumbnailUrl\":\"https:\/\/happy-netz.ch\/kronen-garage-hombrechtikon\/wp-content\/uploads\/sites\/11\/2024\/09\/garage-kronen_hombrechtikon.jpg\",\"datePublished\":\"2024-11-13T16:20:18+00:00\",\"dateModified\":\"2024-12-19T15:43:31+00:00\",\"description\":\"F\u00fcr Ihren saisonalen Reifenwechsel: Mit unserem Reifen und R\u00e4der Service wappnen wir Sie stets passend f\u00fcr die kommende Jahreszeit. Zus\u00e4tzlich k\u00f6nnen Sie Ihre Winter- oder Sommerr\u00e4der bei uns einlagern. Seien Sie bestens f\u00fcr die Herausforderungen der Strasse ger\u00fcstet \u2013 Wir begleiten Sie. F\u00fcr alle Marken. Garage Plus in Hombrechtikon.\",\"breadcrumb\":{\"@id\":\"https:\/\/happy-netz.ch\/kronen-garage-hombrechtikon\/raeder-und-reifen\/#breadcrumb\"},\"inLanguage\":\"de-CH\",\"potentialAction\":[{\"@type\":\"ReadAction\",\"target\":[\"https:\/\/happy-netz.ch\/kronen-garage-hombrechtikon\/raeder-und-reifen\/\"]}]},{\"@type\":\"ImageObject\",\"inLanguage\":\"de-CH\",\"@id\":\"https:\/\/happy-netz.ch\/kronen-garage-hombrechtikon\/raeder-und-reifen\/#primaryimage\",\"url\":\"https:\/\/happy-netz.ch\/kronen-garage-hombrechtikon\/wp-content\/uploads\/sites\/11\/2024\/09\/garage-kronen_hombrechtikon.jpg\",\"contentUrl\":\"https:\/\/happy-netz.ch\/kronen-garage-hombrechtikon\/wp-content\/uploads\/sites\/11\/2024\/09\/garage-kronen_hombrechtikon.jpg\",\"width\":640,\"height\":400},{\"@type\":\"BreadcrumbList\",\"@id\":\"https:\/\/happy-netz.ch\/kronen-garage-hombrechtikon\/raeder-und-reifen\/#breadcrumb\",\"itemListElement\":[{\"@type\":\"ListItem\",\"position\":1,\"name\":\"Home\",\"item\":\"https:\/\/happy-netz.ch\/kronen-garage-hombrechtikon\/\"},{\"@type\":\"ListItem\",\"position\":2,\"name\":\"R\u00e4der und Reifen\"}]},{\"@type\":\"WebSite\",\"@id\":\"https:\/\/happy-netz.ch\/kronen-garage-hombrechtikon\/#website\",\"url\":\"https:\/\/happy-netz.ch\/kronen-garage-hombrechtikon\/\",\"name\":\"Kronen Garage Hombrechtikon\",\"description\":\"Immer ein gutes Gef\u00fchl\",\"publisher\":{\"@id\":\"https:\/\/happy-netz.ch\/kronen-garage-hombrechtikon\/#organization\"},\"potentialAction\":[{\"@type\":\"SearchAction\",\"target\":{\"@type\":\"EntryPoint\",\"urlTemplate\":\"https:\/\/happy-netz.ch\/kronen-garage-hombrechtikon\/?s={search_term_string}\"},\"query-input\":{\"@type\":\"PropertyValueSpecification\",\"valueRequired\":true,\"valueName\":\"search_term_string\"}}],\"inLanguage\":\"de-CH\"},{\"@type\":\"Organization\",\"@id\":\"https:\/\/happy-netz.ch\/kronen-garage-hombrechtikon\/#organization\",\"name\":\"Kronen Garage Hombrechtikon\",\"url\":\"https:\/\/happy-netz.ch\/kronen-garage-hombrechtikon\/\",\"logo\":{\"@type\":\"ImageObject\",\"inLanguage\":\"de-CH\",\"@id\":\"https:\/\/happy-netz.ch\/kronen-garage-hombrechtikon\/#\/schema\/logo\/image\/\",\"url\":\"https:\/\/happy-netz.ch\/kronen-garage-hombrechtikon\/wp-content\/uploads\/sites\/11\/2024\/12\/logo-happy_netz-kronen_garage_hombrechtikon-ed.png\",\"contentUrl\":\"https:\/\/happy-netz.ch\/kronen-garage-hombrechtikon\/wp-content\/uploads\/sites\/11\/2024\/12\/logo-happy_netz-kronen_garage_hombrechtikon-ed.png\",\"width\":552,\"height\":150,\"caption\":\"Kronen Garage Hombrechtikon\"},\"image\":{\"@id\":\"https:\/\/happy-netz.ch\/kronen-garage-hombrechtikon\/#\/schema\/logo\/image\/\"}}]}<\/script>\n<!-- \/ Yoast SEO Premium plugin. -->","yoast_head_json":{"title":"R\u00e4der und Reifen - Kronen Garage Hombrechtikon","description":"F\u00fcr Ihren saisonalen Reifenwechsel: Mit unserem Reifen und R\u00e4der Service wappnen wir Sie stets passend f\u00fcr die kommende Jahreszeit. Zus\u00e4tzlich k\u00f6nnen Sie Ihre Winter- oder Sommerr\u00e4der bei uns einlagern. Seien Sie bestens f\u00fcr die Herausforderungen der Strasse ger\u00fcstet \u2013 Wir begleiten Sie. F\u00fcr alle Marken. Garage Plus in Hombrechtikon.","robots":{"index":"index","follow":"follow","max-snippet":"max-snippet:-1","max-image-preview":"max-image-preview:large","max-video-preview":"max-video-preview:-1"},"canonical":"https:\/\/happy-netz.ch\/kronen-garage-hombrechtikon\/raeder-und-reifen\/","og_locale":"de_DE","og_type":"article","og_title":"R\u00e4der und Reifen","og_description":"F\u00fcr Ihren saisonalen Reifenwechsel: Mit unserem Reifen und R\u00e4der Service wappnen wir Sie stets passend f\u00fcr die kommende Jahreszeit. Zus\u00e4tzlich k\u00f6nnen Sie Ihre Winter- oder Sommerr\u00e4der bei uns einlagern. Seien Sie bestens f\u00fcr die Herausforderungen der Strasse ger\u00fcstet \u2013 Wir begleiten Sie. F\u00fcr alle Marken. Garage Plus in Hombrechtikon.","og_url":"https:\/\/happy-netz.ch\/kronen-garage-hombrechtikon\/raeder-und-reifen\/","og_site_name":"Kronen Garage Hombrechtikon","article_modified_time":"2024-12-19T15:43:31+00:00","og_image":[{"url":"https:\/\/happy-netz.ch\/kronen-garage-hombrechtikon\/wp-content\/uploads\/sites\/11\/2024\/09\/garage-kronen_hombrechtikon.jpg","type":"","width":"","height":""}],"twitter_card":"summary_large_image","twitter_misc":{"Gesch\u00e4tzte Lesezeit":"2\u00a0Minuten"},"schema":{"@context":"https:\/\/schema.org","@graph":[{"@type":"WebPage","@id":"https:\/\/happy-netz.ch\/kronen-garage-hombrechtikon\/raeder-und-reifen\/","url":"https:\/\/happy-netz.ch\/kronen-garage-hombrechtikon\/raeder-und-reifen\/","name":"R\u00e4der und Reifen - Kronen Garage Hombrechtikon","isPartOf":{"@id":"https:\/\/happy-netz.ch\/kronen-garage-hombrechtikon\/#website"},"primaryImageOfPage":{"@id":"https:\/\/happy-netz.ch\/kronen-garage-hombrechtikon\/raeder-und-reifen\/#primaryimage"},"image":{"@id":"https:\/\/happy-netz.ch\/kronen-garage-hombrechtikon\/raeder-und-reifen\/#primaryimage"},"thumbnailUrl":"https:\/\/happy-netz.ch\/kronen-garage-hombrechtikon\/wp-content\/uploads\/sites\/11\/2024\/09\/garage-kronen_hombrechtikon.jpg","datePublished":"2024-11-13T16:20:18+00:00","dateModified":"2024-12-19T15:43:31+00:00","description":"F\u00fcr Ihren saisonalen Reifenwechsel: Mit unserem Reifen und R\u00e4der Service wappnen wir Sie stets passend f\u00fcr die kommende Jahreszeit. Zus\u00e4tzlich k\u00f6nnen Sie Ihre Winter- oder Sommerr\u00e4der bei uns einlagern. Seien Sie bestens f\u00fcr die Herausforderungen der Strasse ger\u00fcstet \u2013 Wir begleiten Sie. F\u00fcr alle Marken. Garage Plus in Hombrechtikon.","breadcrumb":{"@id":"https:\/\/happy-netz.ch\/kronen-garage-hombrechtikon\/raeder-und-reifen\/#breadcrumb"},"inLanguage":"de-CH","potentialAction":[{"@type":"ReadAction","target":["https:\/\/happy-netz.ch\/kronen-garage-hombrechtikon\/raeder-und-reifen\/"]}]},{"@type":"ImageObject","inLanguage":"de-CH","@id":"https:\/\/happy-netz.ch\/kronen-garage-hombrechtikon\/raeder-und-reifen\/#primaryimage","url":"https:\/\/happy-netz.ch\/kronen-garage-hombrechtikon\/wp-content\/uploads\/sites\/11\/2024\/09\/garage-kronen_hombrechtikon.jpg","contentUrl":"https:\/\/happy-netz.ch\/kronen-garage-hombrechtikon\/wp-content\/uploads\/sites\/11\/2024\/09\/garage-kronen_hombrechtikon.jpg","width":640,"height":400},{"@type":"BreadcrumbList","@id":"https:\/\/happy-netz.ch\/kronen-garage-hombrechtikon\/raeder-und-reifen\/#breadcrumb","itemListElement":[{"@type":"ListItem","position":1,"name":"Home","item":"https:\/\/happy-netz.ch\/kronen-garage-hombrechtikon\/"},{"@type":"ListItem","position":2,"name":"R\u00e4der und Reifen"}]},{"@type":"WebSite","@id":"https:\/\/happy-netz.ch\/kronen-garage-hombrechtikon\/#website","url":"https:\/\/happy-netz.ch\/kronen-garage-hombrechtikon\/","name":"Kronen Garage Hombrechtikon","description":"Immer ein gutes Gef\u00fchl","publisher":{"@id":"https:\/\/happy-netz.ch\/kronen-garage-hombrechtikon\/#organization"},"potentialAction":[{"@type":"SearchAction","target":{"@type":"EntryPoint","urlTemplate":"https:\/\/happy-netz.ch\/kronen-garage-hombrechtikon\/?s={search_term_string}"},"query-input":{"@type":"PropertyValueSpecification","valueRequired":true,"valueName":"search_term_string"}}],"inLanguage":"de-CH"},{"@type":"Organization","@id":"https:\/\/happy-netz.ch\/kronen-garage-hombrechtikon\/#organization","name":"Kronen Garage Hombrechtikon","url":"https:\/\/happy-netz.ch\/kronen-garage-hombrechtikon\/","logo":{"@type":"ImageObject","inLanguage":"de-CH","@id":"https:\/\/happy-netz.ch\/kronen-garage-hombrechtikon\/#\/schema\/logo\/image\/","url":"https:\/\/happy-netz.ch\/kronen-garage-hombrechtikon\/wp-content\/uploads\/sites\/11\/2024\/12\/logo-happy_netz-kronen_garage_hombrechtikon-ed.png","contentUrl":"https:\/\/happy-netz.ch\/kronen-garage-hombrechtikon\/wp-content\/uploads\/sites\/11\/2024\/12\/logo-happy_netz-kronen_garage_hombrechtikon-ed.png","width":552,"height":150,"caption":"Kronen Garage Hombrechtikon"},"image":{"@id":"https:\/\/happy-netz.ch\/kronen-garage-hombrechtikon\/#\/schema\/logo\/image\/"}}]}},"_links":{"self":[{"href":"https:\/\/happy-netz.ch\/kronen-garage-hombrechtikon\/wp-json\/wp\/v2\/pages\/1458","targetHints":{"allow":["GET"]}}],"collection":[{"href":"https:\/\/happy-netz.ch\/kronen-garage-hombrechtikon\/wp-json\/wp\/v2\/pages"}],"about":[{"href":"https:\/\/happy-netz.ch\/kronen-garage-hombrechtikon\/wp-json\/wp\/v2\/types\/page"}],"author":[{"embeddable":true,"href":"https:\/\/happy-netz.ch\/kronen-garage-hombrechtikon\/wp-json\/wp\/v2\/users\/1"}],"replies":[{"embeddable":true,"href":"https:\/\/happy-netz.ch\/kronen-garage-hombrechtikon\/wp-json\/wp\/v2\/comments?post=1458"}],"version-history":[{"count":62,"href":"https:\/\/happy-netz.ch\/kronen-garage-hombrechtikon\/wp-json\/wp\/v2\/pages\/1458\/revisions"}],"predecessor-version":[{"id":2255,"href":"https:\/\/happy-netz.ch\/kronen-garage-hombrechtikon\/wp-json\/wp\/v2\/pages\/1458\/revisions\/2255"}],"wp:attachment":[{"href":"https:\/\/happy-netz.ch\/kronen-garage-hombrechtikon\/wp-json\/wp\/v2\/media?parent=1458"}],"wp:term":[{"taxonomy":"folder","embeddable":true,"href":"https:\/\/happy-netz.ch\/kronen-garage-hombrechtikon\/wp-json\/wp\/v2\/folder?post=1458"}],"curies":[{"name":"wp","href":"https:\/\/api.w.org\/{rel}","templated":true}]}}